231?
True
Does 8 divide 3019?
False
Does 148 divide 26048?
True
Does 3 divide 1185?
True
Does 15 divide 3956?
False
Is 7 a factor of 1302?
True
Is 131 a multiple of 7?
False
Does 95 divide 9785?
True
Is 35032 a multiple of 116?
True
Does 20 divide 300?
True
Is 2 a factor of 218?
True
Does 8 divide 635?
False
Does 11 divide 814?
True
Is 304 a factor of 150465?
False
Is 14 a factor of 41?
False
Does 8 divide 10472?
True
Is 4590 a multiple of 18?
True
Is 2 a factor of 133?
False
Is 5 a factor of 888?
False
Is 714 a multiple of 43?
False
Is 152 a factor of 5857?
False
Does 12 divide 444?
True
Is 521 a multiple of 18?
False
Does 41 divide 902?
True
Is 8 a factor of 113?
False
Does 18 divide 4933?
False
Is 25550 a multiple of 146?
True
Does 19 divide 37200?
False
Is 5323 a multiple of 205?
False
Is 71 a factor of 1038?
False
Is 16498 a multiple of 33?
False
Does 18 divide 40482?
True
Is 131 a factor of 17554?
True
Does 11 divide 4653?
True
Is 118 a multiple of 15?
False
Is 39 a factor of 35888?
False
Does 14 divide 336?
True
Is 10 a factor of 6420?
True
Is 13 a factor of 171?
False
Is 14 a factor of 1302?
True
Is 881 a multiple of 4?
False
Is 138 a multiple of 3?
True
Does 9 divide 1177?
False
Is 10 a factor of 23?
False
Is 971 a multiple of 40?
False
Does 42 divide 1149?
False
Is 861 a multiple of 27?
False
Is 34278 a multiple of 58?
True
Is 32 a factor of 271?
False
Is 116 a factor of 2720?
False
Does 90 divide 1170?
True
Is 2545 a multiple of 11?
False
Is 16 a factor of 99380?
False
Is 11 a factor of 2541?
True
Is 51 a factor of 52776?
False
Does 81 divide 23489?
False
Is 292 a multiple of 29?
False
Is 43 a factor of 3167?
False
Is 18 a factor of 3107?
False
Is 16529 a multiple of 5?
False
Is 109 a multiple of 9?
False
Is 10 a factor of 3670?
True
Is 41729 a multiple of 389?
False
Is 6320 a multiple of 20?
True
Is 63 a factor of 14912?
False
Is 35 a factor of 6443?
False
Is 5642 a multiple of 13?
True
Does 18 divide 338?
False
Does 18 divide 16776?
True
Is 11 a factor of 1287?
True
Is 174 a multiple of 22?
False
Is 1304 a multiple of 16?
False
Is 421 a multiple of 50?
False
Is 17 a factor of 3138?
False
Is 121 a factor of 242?
True
Does 38 divide 10964?
False
Is 2080 a multiple of 5?
True
Is 510 a multiple of 6?
True
Is 18 a factor of 1944?
True
Is 24709 a multiple of 31?
False
Is 43531 a multiple of 6?
False
Does 13 divide 5776?
False
Is 181 a factor of 85070?
True
Is 16 a factor of 5376?
True
Is 29 a factor of 5423?
True
Does 10 divide 1220?
True
Does 32 divide 549?
False
Does 8 divide 10246?
False
Does 13 divide 8372?
True
Is 66 a factor of 2475?
False
Is 103 a factor of 103?
True
Does 26 divide 6370?
True
Does 76 divide 1520?
True
Does 36 divide 3960?
True
Is 359 a multiple of 8?
False
Is 10500 a multiple of 35?
True
Is 15 a factor of 2910?
True
Is 70431 a multiple of 17?
True
Is 3688 a multiple of 18?
False
Does 28 divide 1292?
False
Is 195 a multiple of 14?
False
Is 828 a multiple of 4?
True
Is 16514 a multiple of 47?
False
Does 21 divide 41097?
True
Does 79 divide 5609?
True
Is 1044 a multiple of 29?
True
Is 1408 a multiple of 88?
True
Does 27 divide 1306?
False
Is 15 a factor of 69782?
False
Is 10 a factor of 280?
True
Is 6824 a multiple of 31?
False
Does 12 divide 4344?
True
Is 14230 a multiple of 37?
False
Is 12320 a multiple of 70?
True
Is 7921 a multiple of 7?
False
Does 13 divide 184831?
False
Does 21 divide 20479?
False
Is 33 a factor of 11517?
True
Is 25 a factor of 2750?
True
Does 22 divide 9175?
False
Is 14 a factor of 741?
False
Does 33 divide 66?
True
Is 10 a factor of 4839?
False
Is 598 a multiple of 46?
True
Is 824 a multiple of 51?
False
Does 12 divide 1145?
False
Does 9 divide 117?
True
Is 550 a multiple of 11?
True
Is 18 a factor of 734?
False
Does 12 divide 3348?
True
Is 75 a factor of 1345?
False
Is 50 a factor of 2018?
False
Is 51 a factor of 128?
False
Is 62 a factor of 373?
False
Does 3 divide 18450?
True
Does 293 divide 41695?
False
Does 14 divide 589?
False
Does 2 divide 9921?
False
Is 2222 a multiple of 101?
True
Is 6098 a multiple of 8?
False
Is 114 a factor of 75197?
False
Does 7 divide 6290?
False
Does 15 divide 19768?
False
Is 6 a factor of 157?
False
Is 57 a factor of 3612?
False
Is 2407 a multiple of 29?
True
Does 44 divide 96?
False
Is 5 a factor of 109?
False
Does 2 divide 1191?
False
Does 60 divide 30540?
True
Is 260 a multiple of 20?
True
Does 14 divide 728?
True
Is 36 a factor of 252?
True
Does 22 divide 198?
True
Is 32 a factor of 18336?
True
Is 102 a multiple of 9?
False
Is 102 a factor of 5100?
True
Does 14 divide 2618?
True
Does 160 divide 4480?
True
Does 7 divide 3934?
True
Is 194 a multiple of 19?
False
Is 20 a factor of 320?
True
Is 42490 a multiple of 70?
True
Is 15 a factor of 3210?
True
Is 10 a factor of 880?
True
Is 8813 a multiple of 68?
False
Is 18 a factor of 486?
True
Does 12 divide 336?
True
Is 1505 a multiple of 108?
False
Is 104 a factor of 13000?
True
Does 20 divide 685?
False
Does 2 divide 317?
False
Is 8778 a multiple of 77?
True
Does 12 divide 2304?
True
Does 13 divide 936?
True
Is 10 a factor of 331?
False
Is 53 a factor of 154?
False
Is 83391 a multiple of 21?
True
Does 2 divide 449?
False
Does 32 divide 8576?
True
Is 7 a factor of 64194?
False
Is 205 a multiple of 6?
False
Is 1920 a multiple of 64?
True
Is 8 a factor of 944?
True
Is 25 a factor of 1325?
True
Does 24 divide 6651?
False
Is 3468 a multiple of 6?
True
Does 4 divide 884?
True
Is 6216 even?
True
Is 1809 a multiple of 12?
False
Is 10387 a multiple of 2?
False
Is 351 a multiple of 54?
False
Does 12 divide 17604?
True
Is 397 a multiple of 8?
False
Is 368 a multiple of 16?
True
Is 5 a factor of 4545?
True
Is 27 a factor of 131?
False
Is 22 a factor of 8294?
True
Is 15552 a multiple of 9?
True
Is 384 a multiple of 24?
True
Is 728 a multiple of 13?
True
Does 27 divide 1211?
False
Is 34 a factor of 480?
False
Does 16 divide 5584?
True
Does 107 divide 18618?
True
Does 90 divide 360?
True
Does 46 divide 817?
False
Is 15 a factor of 630?
True
Is 28 a factor of 267?
False
Does 93 divide 923?
False
Is 2408 a multiple of 8?
True
Does 72 divide 738?
False
Does 3 divide 367?
False
Is 71 a factor of 17950?
False
Is 12453 a multiple of 21?
True
Is 1728 a multiple of 105?
False
Does 49 divide 8001?
False
Is 440 a multiple of 2?
True
Is 27 a factor of 31948?
False
Is 285 a multiple of 57?
True
Does 139 divide 63245?
True
Is 14960 a multiple of 170?
True
Is 13 a factor of 239?
False
Is 18601 a multiple of 27?
False
Does 18 divide 1537?
False
Is 26 a factor of 21831?
False
Is 37407 a multiple of 337?
True
Is 902 a multiple of 48?
False
Is 1850 a multiple of 37?
True
Does 64 divide 3892?
False
Is 63 a multiple of 21?
True
Is 1676 a multiple of 6?
False
Is 234 a multiple of 13?
True
Does 29 divide 1595?
True
Is 5890 a multiple of 95?
True
Does 223 divide 15400?
False
Is 1024 a multiple of 16?
True
Is 32 a factor of 26112?
True
Does 24 divide 480?
True
Is 154 a multiple of 14?
True
Is 127 a factor of 82804?
True
Is 78 a factor of 1584?
False
Is 4 a factor of 64?
True
Is 2878 a multiple of 34?
False
Is 16 a factor of 15168?
True
Is 1309 a multiple of 60?
False
Is 37 a factor of 146?
False
Does 9 divide 5879?
False
Is 9 a factor of 4681?
False
Is 75 a factor of 18042?
False
Is 5111 a multiple of 14?
False
Is 63 a factor of 567?
True
Does 20 divide 2020?
True
Is 148 a factor of 38480?
True
Is 71131 a multiple of 45?
False
Is 2 a factor of 74?
True
Is 10087 a multiple of 131?
True
Does 5 divide 442?
False
Does 15 divide 23969?
False
Does 7 divide 5410?
False
Is 14 a factor of 4102?
True
Is 220 a multiple of 20?
True
Does 70 divide 59850?
True
Is 1889 a multiple of 7?
False
Does 20 divide 1020?
True
Is 119 a factor of 4760?
True
Is 17 a factor of 40256?
True
Is 36 a factor of 12078?
False
Is 23 a factor of 7774?
True
Is 7770 a multiple of 58?
False
Does 22 divide 695?
False
Does 33 divide 495?
True
Is 22 a factor of 2376?
True
Is 4685 a multiple of 13?
False
Does 129 divide 3467?
False
Is 17 a factor of 2805?
True
Is 8 a factor of 4079?
False
Is 6936 a multiple of 102?
True
Is 12896 a multiple of 125?
False
Is 12155 a multiple of 17?
True
Is 372 a multiple of 93?
True
Does 5 divide 225?
True
Is 33 a factor of 198?
True
Does 33 divide 429?
Tru